 6*n**2 + 2*n - 5. Let g(v) = -3*c(v) - p(v). Calculate g(6).
-4
Let v be 7/(-3)*10/(40/(-12)). Let w(r) = -r**3 + 6*r**2 + 10*r - 3. What is w(v)?
18
Let g(z) = -2*z**2 - z + 1. Let s be g(3). Let j be s/(-2)*4/10. Suppose 3*i + 10 = j. Let x(f) = -4*f + 2. Give x(i).
10
Let t(j) = j - 11. Let k be 43/9 - 4/(-18). What is t(k)?
-6
Let l(h) = 9*h + 0*h**2 + h**2 + 6*h - 17*h. Determine l(4).
8
Let z(g) = -3 + 1 - g + g**3 + 3. Let o be z(-2). Let t(d) be the first derivative of d**2/2 + 7*d + 4. Give t(o).
2
Let i(a) = 5*a - 6. Let u(h) = 0 - 1 - 2*h + 3*h. Let k(o) = -2*i(o) + 11*u(o). Calculate k(2).
3
Suppose -3*j + 2*j + 3 = 0. Let c = 0 - -2. Let f(o) = 5*o**2 - o**3 - 1 - 4*o + 4*o**c - 4*o**2. Calculate f(j).
5
Let k(i) = 0*i**2 - 78 - 3*i**2 + 77. Determine k(-2).
-13
Let a(u) be the second derivative of -1/12*u**4 + 7/6*u**3 - 5/2*u**2 + 0 + 3*u. What is a(5)?
5
Let w(k) = 10*k. Let z be w(-1). Let g = 11 + z. Let f(n) be the first derivative of -n**2/2 + n - 1. What is f(g)?
0
Let l(c) be the second derivative of c**3/6 + c**2 + 3*c. Calculate l(-2).
0
Let z be -1*(-21)/(-4) - 5/(-20). Let d(p) = 4*p**2 - 22*p + 6. Let h(c) = -3*c**2 + 15*c - 4. Let i(w) = -5*d(w) - 7*h(w). Determine i(z).
-2
Let i(w) = -2*w + 3. Let o(j) = -4*j + 7. Let l(n) = -5*i(n) + 2*o(n). Suppose -2*z - 12 = -4*v, z + 0*v + 16 = 4*v. Calculate l(z).
7
Let w(l) = -l + 4. Let q = 3 - 3. Let k(u) = -u - 54. Let s be k(q). Let m be s/(-10) + 8/(-20). Calculate w(m).
-1
Let w(o) be the third derivative of o**5/60 + 5*o**4/24 + o**3/2 + o**2 - 15*o. Suppose z + 1 + 2 = 0. Calculate w(z).
-3
Let f(l) be the first derivative of 10*l**3/3 + l**2 - l + 27. Determine f(1).
11
Let d(h) be the first derivative of -2*h + 1 + 1/6*h**3 - h**2. Let u(j) be the first derivative of d(j). Determine u(1).
-1
Let l be -10 - (0 + 2)/1. Let i = l - -8. Let s(r) = r + 1. Let f(o) = 6*o + 8. Let w(n) = f(n) - 2*s(n). What is w(i)?
-10
Let k(o) = -2*o**2 - o + 2. Let c(t) = t**2 + 2*t - 1. Let m(s) = 3*c(s) + 2*k(s). Let x = -3 + 6. Calculate m(x).
4
Let z(u) = -u**2 - 5*u. Let t(r) = -r**3 + r**2 + r - 1. Let d be t(2). What is z(d)?
6
Suppose -w + 4*w = 0. Suppose w = -2*p - 0*p + 12. Let z(b) = -b**2 + 4*b + 6. Let k be z(p). Let x(a) = -a**3 - 6*a**2 + a + 4. What is x(k)?
-2
Let w = 27 - 23. Let a be -1*(-4 + 11) + w. Let n(x) be the second derivative of x**3/2 - 3*x**2/2 + x. Calculate n(a).
-12
Let n(m) = -2*m - 5 - 4 + 3*m + 1. What is n(5)?
-3
Let r(f) = 70 - 2*f**2 + f**2 - 73. Give r(-4).
-19
Let c(p) = -7*p**2 - 7*p - 4. Suppose -2 - 2 = 4*i. Let v(f) = -f**3 + f**2 + f - 1. Let s(y) = i*c(y) - v(y). Determine s(-5).
0
Let j(c) be the third derivative of c**5/60 + 5*c**4/24 + 2*c**3/3 + 2*c**2. Calculate j(-5).
4
Let z be (-3 - 15/(-6))*0. Suppose -32 = k - 5*s, -3*k - s + 2*s - 26 = z. Let t = k + 7. Let m(y) = y**3 + y**2 + y + 6. Give m(t).
6
Suppose -3*b + 88 = -b. Let i(q) = -46*q + b*q - 6 - 1. Determine i(-6).
5
Let m = -202 - -194. Let l(i) = -i**3 - 9*i**2 - 6*i + 2. Determine l(m).
-14
Suppose 3*x - 42 - 3 = 0. Let o(r) = -2*r + 3*r + 15 - x. Give o(-2).
-2
Let o(j) = -4*j**2 + 5*j + 4. Let z(h) = -h**2 + 1. Let l be (-1 - (-1)/2)*-2. Let p(s) = l*o(s) - 3*z(s). What is p(4)?
5
Let z = 6 - 1. Let u = 2 + 2. Let p(f) = u*f + z*f - 3*f. Give p(-1).
-6
Suppose 4*z + 5 = -3. Let t(v) = v - 1. Let u(r) = 6*r - 6. Let j = -11 - -6. Let s(k) = j*t(k) + u(k). Give s(z).
-3
Let h(c) = 6 - c**2 + 1 - 6*c - 1. Let f(k) = k**2 - 9*k + 4. Let p be f(9). Suppose -6 = -3*o + p*o. Give h(o).
6
Let y(q) = q - 5. Let i(t) = -1. Let j(g) = 2*i(g) + y(g). Suppose -2 = -2*r - 5*z - 0, -4*r - 4*z = -28. Suppose 0 = -r*l + 9*l + 6. Calculate j(l).
-4
Let s(t) = 9*t**2 + 17*t - 5. Let o(p) = 13*p**2 + 25*p - 7. Let j(l) = -5*o(l) + 7*s(l). Give j(-4).
-8
Let n(d) = 8*d - d**2 + d - 2 - 2*d. Calculate n(8).
-10
Let r(h) = 37*h + 2*h**2 + 37*h + 3 + h**3 - 79*h. What is r(-4)?
-9
Suppose -4*u + 31 = -0*u + 3*g, 4*u - 3*g - 1 = 0. Let d(j) be the third derivative of j**4/6 - 5*j**3/6 + 21*j**2. Calculate d(u).
11
Let l = -27 + 35. Let a(j) = j**3 - 7*j**2 - 8*j - 4. Calculate a(l).
-4
Let g(q) be the second derivative of q**5/20 + 5*q**4/12 - q**2/2 + q. Suppose -h + 6*h - 15 = 0. Suppose 4*w = 4*m + 16, h*m + 0*w = 2*w - 13. Determine g(m).
-1
Let b = 36 + -30. Let w(u) be the third derivative of 1/120*u**b + 1/15*u**5 - 1/12*u**4 + 0 - u**2 + 0*u + 1/6*u**3. Calculate w(-4).
9
Let o(y) be the third derivative of y**5/60 + y**4/12 - y**3/6 - 2*y**2. Let q(h) be the first derivative of o(h). Determine q(-3).
-4
Let m(s) = -s**2. Suppose -3*b = b. Let j = 1 + b. Suppose 4*v + 13 - j = 0. What is m(v)?
-9
Let n = -3 - -5. Let i be ((0/n)/(-3))/(-2). Let f(q) = i + 1 - 8 + q**2. Give f(0).
-7
Let i(d) = 3*d**3 - 4*d**3 + 5 - 4*d**2 - d + 0. Suppose -3*y - 20 = 2*y. Determine i(y).
9
Let v(z) = -z**3 - z**2 + z - 10. Let k(c) = -c**3 - c**2 + c - 9. Let m(t) = -3*k(t) + 2*v(t). Suppose l - 16 = -4*h, 0 = 5*l - 5*h + 3*h + 8. Give m(l).
7
Let u(b) = -b. Let v = -7 + 1. Let l be ((-2)/(-4))/((-2)/(-12)). Let k = v + l. Determine u(k).
3
Let f(o) = 2*o - 6*o - 2 + 2*o + 3*o. Let r be f(4). Let q(w) = -2*w - 1. What is q(r)?
-5
Let g(l) = l**2 - 7*l - 1. Suppose 1 = -4*j - 3. Let h be -3 - (2 + (-11 - j)). Give g(h).
-11
Let y(z) = -7*z + 1. Let c be (2 - 19)*1*-1. Let r(w) = -20*w + 2. Let n(j) = c*y(j) - 6*r(j). What is n(-5)?
0
Let f = 1 + -1. Let u(g) = 4*g - 1. Let l(y) = 3*y. Let v = 11 + -7. Let j(b) = v*u(b) - 5*l(b). Determine j(f).
-4
Suppose 0*v + 3*v - 3*o - 27 = 0, 0 = -v - 2*o - 3. Let d(y) be the third derivative of -3*y**2 - 1/4*y**4 + 0 + 1/60*y**5 + 0*y + 5/6*y**3. Calculate d(v).
0
Let m(u) = u**3 + 10*u**2 + 9*u - 1. Let j be m(-9). Let o = j + 5. Let b(a) = -3*a + 0*a**2 - a**2 + 1 - 3*a**2 + a**3 + o*a. Calculate b(3).
-5
Suppose q = 3*q - j + 4, 0 = -4*q + 3*j - 12. Suppose q = 5*y - y + 40. Let o be 38/y - (-2)/(-10). Let w(z) = -z**3 - 3*z**2 + 5*z. Determine w(o).
-4
Let k = 73 + -75. Let o(r) = 2*r. Let i(s) = 2*s. Let x(m) = 5*i(m) - 6*o(m). What is x(k)?
4
Suppose c - 6*c = 3*t - 20, -c = 2*t - 11. Let b(h) = 8*h**2. Calculate b(c).
8
Let r be -1 - ((2 - 1) + 2). Let l(p) = -4*p**3 + p**2 - p - 1. Let c be l(-1). Let i(d) = -4*d - 2 + 3*d + c. Give i(r).
7
Let v = 61 + -67. Let a(j) = j**2 + 8*j + 5. Determine a(v).
-7
Let c(a) = -a - 3 + 8 - 3. Give c(-5).
7
Let y(f) be the second derivative of f**3/3 - 2*f**2 - 4*f. Let r = 0 + 3. Let v be y(r). Let w(k) = k**2 - k - 2. Determine w(v).
0
Let v(q) be the first derivative of -q**6/120 + q**5/60 + 5*q**4/24 - q**3/3 - q**2 + 1. Let g(h) be the second derivative of v(h). Calculate g(3).
-5
Let t(h) be the second derivative of -h**5/30 + h**4/8 - h**3/3 + 4*h**2 - 8*h. Let i(m) be the first derivative of t(m). Let l = 10 - 7. Give i(l).
-11
Let o(n) = 109*n + 0 + 1 - 104*n - n**2. What is o(3)?
7
Let g = 10 + -10. Let w(z) = -z**2 + z + 5. Give w(g).
5
Let s(u) = -3*u**3 - u**2 - u. Suppose -t + 0*t = -3. Suppose 0*b + t*b = -3. Calculate s(b).
3
Let a = 2 - 0. Let u(k) = 0*k + 5 + a + k. Let r = -43 + 43. Determine u(r).
7
Let k = 3 - 1. Let j(s) = 3 - 1 - 30*s + 29*s. Give j(k).
0
Let p(v) = v**3 + 4*v**2 + 2*v. Let h be p(-2). Suppose -1 = -h*o + 3. Let z(r) = -r - 1. What is z(o)?
-2
Let h(d) be the first derivative of -d**2/2 + d - 2. Suppose 3*g - 8*g + 38 = -4*u, -3*g + 2*u + 22 = 0. Give h(g).
-5
Let d = 5 + -2. Let x(c) = -29*c**2 + 27*c**2 - c + 4*c + 4. Calculate x(d).
-5
Let z be ((-24)/(-60))/(4/(-60)). Let l(w) = -w - 2. Let y(j) = -1. Let d(s) = -l(s) - 5*y(s). Calculate d(z).
1
Let z(t) = -t - 7. Suppose 0 = -3*g + 16 - 1. Calculate z(g).
-12
Suppose -2*b + 3 = -5*d, 3*d - 13 - 2 = -3*b. Let z = d + -1. Let r(x) = -x**2 - x + 1. What is r(z)?
1
Let j(h) = h**2 - 7*h + 6. Let v = -136 - -141. Give j(v).
-4
Let o(k) = k**2 - 4*k - 5. Suppose 0 = u + 2*z - 6, 0 = -2*u - 5*z + 8 + 4. Determine o(u).
7
Let v(d) be the first derivative of -7*d + 1/3*d**3 - 2 - 3/2*d**2. Let x be 1/(-2)*6 + 8. Calculate v(x).
3
Let m = 5 - 2. Suppose g = m*g + 6. Let a(f) = 2*f + 3 - 2*f**2 + 0*f**2 + 0*f - f**3. Calculate a(g).
6
Let h be ((-8)/(-10))/((-6)/(-15)). Let j be -9 + h - (3 - 6). Let s(q) = -2*q - 5. Determine s(j